r - 2579 = -5*b + r, 2*b + h*r - 1046 = 0. Is b a composite number?
True
Suppose -78*i = -74*i - 7524. Suppose 2*j - 2905 = i. Is j a prime number?
True
Let j(d) = d**2 - 7*d + 4. Let a be j(7). Let o = 1 + a. Suppose 5*h - 639 = -i + o*i, i = -1. Is h prime?
True
Let h(r) = 3*r + 0 + 101*r**3 - 5 - 2*r - 3*r**2 + 4. Is h(2) a prime number?
True
Let s = 1852 + 685. Is s a composite number?
True
Suppose -u = -2*y + 4098, -4*u - 4973 = -5*y + 5278. Is y prime?
False
Let k(v) = 75*v**2 + 23*v - 125. Is k(13) a composite number?
True
Let h = 3977 + -2355. Let o = h + -111. Is o prime?
True
Let m(h) = -10 + 9*h + 84*h + 93*h - 1. Is m(8) a composite number?
True
Let a be -2 + (-104487)/(-58)*(-4)/(-3). Let t be (-1768)/(-2)*(-2)/(-2). Suppose 4*j - a + t = 0. Is j prime?
True
Suppose u - 12603 = -r - r, 2*r = -2*u + 25208. Is u prime?
False
Suppose 0*g - 9*g + 8847 = 0. Is g a prime number?
True
Let i = 10 + -19. Is (-3777)/i - 2/3 prime?
True
Let v = 62 - 923. Let d = -226 - v. Is d a prime number?
False
Let q(z) = z**2 + 13*z - 11. Let l be q(-14). Suppose 0*f = -3*f - 2*t + 1131, -5*f + l*t + 1904 = 0. Is f a prime number?
True
Let j be 0 + (3 - 2) - -2. Suppose 0*l + 3*l + 5 = -5*b, 4*b - j*l - 23 = 0. Suppose 5*u = -r + 573, 3*r + 577 = 5*u + b*r. Is u a prime number?
False
Suppose -26 = -3*b + 2*d - 5, -5*b = 4*d - 57. Let v = b + -36. Let i = -17 - v. Is i a composite number?
True
Let y(s) = s + 18. Let w be y(-14). Suppose 0*i = w*i + 16. Let t(r) = -17*r - 1. Is t(i) a composite number?
False
Let w(g) = 4310*g**2 + 17*g - 94. Is w(5) prime?
True
Let w = 2428 - 191. Is w a prime number?
True
Let k(g) = 259*g + 107. Is k(8) a composite number?
False
Suppose -3*w + 0*w = -96. Suppose 6*k = 2*k + w. Is k/(-28) - 324/(-7) composite?
True
Let x(h) = 33099*h**2 + 2*h + 6. Is x(1) prime?
True
Let t = -5 + 7. Suppose 0 = 5*s + 4*j - 22, 2 = -s + j + 1. Is t/(-1*s/(-6)) a composite number?
True
Suppose 0 = 15*w - 10*w - 100. Let j = -18 + w. Suppose -j*r + 450 + 64 = 0. Is r a composite number?
False
Let f(a) = -391*a - 175. Is f(-8) prime?
True
Let z = 64 + -21. Suppose -4*o + 7 = -17. Suppose o*t + z = 7*t. Is t composite?
False
Let l be 80/15*18/8. Suppose -5302 = -l*u + u. Is u a composite number?
True
Suppose 4*c - 31066 = -2*d, -4*d + 3*d + 15523 = -3*c. Suppose -4*f - d = -3*o, 6*f = 5*o + 5*f - 25859. Is o composite?
False
Suppose 255 = 4*h + 2223. Let r be (2695/(-21))/((-1)/3). Let c = r - h. Is c a prime number?
True
Let g be 4/(-6) + 2044/(-21). Let x = -151 + -158. Let o = g - x. Is o a prime number?
True
Let a(z) = 144*z**2 - z. Is a(1) a composite number?
True
Is 27193 + (8 + -10)*1 a composite number?
False
Let r = 138 + -112. Is r a composite number?
True
Suppose 14*h - 8*h = 4542. Is h prime?
True
Is ((-6)/7)/6 - 2216/(-28) composite?
False
Suppose -878187 - 72367 = -22*r. Is r a prime number?
True
Suppose 0 = -5*t + 5*d + 5215, 13*t + 1045 = 14*t - 2*d. Is t a prime number?
False
Let w(p) = 2*p + 24. Let h be w(-12). Let d(x) = -x**2 + 4*x + 5. Let i be d(4). Suppose -61 = -i*u + 2*v, h = -4*u + v - 4*v + 35. Is u a composite number?
False
Let p(g) = 198*g - 103. Is p(22) a prime number?
True
Let o(t) = 120*t - 7. Let i(w) = 120*w - 7. Let v(g) = 6*i(g) - 5*o(g). Is v(10) composite?
False
Suppose -4*h + 22256 = -h - 5*x, 3*h = 3*x + 22266. Is h a prime number?
False
Let z be -211*6/15 + 6/15. Is (44/(-6))/((32/z)/4) a prime number?
False
Let i = 67 - 63. Suppose 2*o - 5*d + 1104 = i*o, 0 = -4*o - 4*d + 2220. Is o a prime number?
True
Let g(n) = -29*n**3 - 2*n**2 - 8*n - 4. Let u(l) = l - 2. Let h be u(-1). Is g(h) composite?
True
Suppose 5*d + 17 - 53 = 4*c, -16 = -4*d. Let a(b) = -97*b - 17. Let n(h) = 49*h + 8. Let q(l) = -3*a(l) - 7*n(l). Is q(c) prime?
False
Suppose 0*p - 52465 = -5*p - 2*i, -4*i = 0. Is p composite?
True
Let o = -733 + 1312. Suppose 346 = 3*n + i, -4*i = 8*n - 3*n - o. Is n composite?
True
Let s(d) = 18*d**3 - 4*d**2 - 13*d - 14. Is s(5) a composite number?
True
Suppose 8 = -2*a + 2, -29 = 4*v - a. Let k be 934/8 - 2/v. Let t = 6 + k. Is t a composite number?
True
Suppose v = 870 + 2088. Let r = v + -1843. Is r a prime number?
False
Suppose -3 = -2*b + 5. Suppose -4*w - 4*s = -236, 2*s = -w + b*s + 59. Is w composite?
False
Suppose 5 = 2*k + 3*a + 38, -3*a = k + 21. Let o(r) = -6*r - 17. Is o(k) composite?
True
Let a = -10 + 14. Let t(s) = 19*s**2 - 2*s - 1. Let z be t(a). Suppose 6*i - 11*i + z = 0. Is i a composite number?
False
Let s be (-10568)/(-10) + 4/20. Let w = s + -549. Suppose -3*r - w = -7*r. Is r prime?
True
Let p be (-2)/((25/(-5))/60). Suppose -135 = -3*w + p. Is w prime?
True
Let r = -17 - -20. Suppose -10*i = -r*i - 12887. Is i prime?
False
Suppose 2*k = 8, -2*f + 227 = -5*k - 79. Is f composite?
False
Let j(q) = 14*q**2 + 5*q - 2. Let y = 23 + -18. Suppose -h + 0 - y = 0. Is j(h) a composite number?
True
Let t(l) = 7 + l + 1 + 1. Let c be t(-6). Is c - (0 - -1 - 77) a prime number?
True
Suppose -j - 12 = -7, 0 = d + j - 5552. Is d a composite number?
False
Let j(t) = -96*t + 134. Is j(-10) a prime number?
False
Suppose 5*i = -4*v + 12936 + 27605, 40505 = 5*i - 5*v. Is i prime?
False
Let v(o) = 6*o + 1. Let l(h) = 8*h**2 - 3*h - 2. Let z be l(-2). Suppose 6 - z = -5*r. Is v(r) a composite number?
False
Suppose 6612 - 1290 = 6*v. Is v composite?
False
Let w(f) = 11*f**2 + 41*f. Let p be w(-16). Suppose r - 2243 = -v, v = -5*r + 9055 + p. Is r a composite number?
False
Let k = 950 - -4505. Is k prime?
False
Let j(x) = 2*x - 16. Let z be j(7). Is -409*3/6*4/z prime?
True
Let j be (-86)/(-215) - (36/(-10) - 0). Suppose w = 4*w - 3*q - 1881, -j*q + 2540 = 4*w. Is w a prime number?
True
Suppose -5*o + 16371 + 10919 = 0. Suppose -4*c + 1124 = -2*y + 3838, -2*c - o = -4*y. Is y a prime number?
True
Suppose -2*u - 3 = -11. Suppose 0*q + 2044 = u*q. Is q/1 - (22 + -26) a prime number?
False
Suppose b + 51376 = 46*p - 44*p, 0 = b + 2. Is p composite?
True
Let j(v) = -4*v - 15. Let f(m) = 13*m + 44. Let k(q) = -2*f(q) - 7*j(q). Let i be k(5). Is (-26 + i)/((-1)/(-37)) composite?
False
Suppose 0 = 66*z - 71*z. Suppose 0 = 2*d - s - 385, -4*s + 0*s - 12 = z. Is d a composite number?
False
Let c be ((-2)/4)/(4/40). Let m be (-4 - (c + 4)) + 2. Is ((-42)/(-18))/(m/(-15)) composite?
True
Suppose 0*m = 3*m + 711. Let x = -82 - m. Let y = 536 - x. Is y a composite number?
True
Suppose 0 = -2*n + 2*y - 5*y + 13, n - 7 = -2*y. Suppose 166 = -n*i + 1451. Is i a composite number?
False
Let g(u) = u + 1. Let q(f) = f**3 - 9*f**2 - 5*f - 2. Suppose 2*z + 0*z + 2 = 0. Let j(n) = z*q(n) + g(n). Is j(5) a prime number?
False
Suppose -2*f = -8*f + 12. Suppose f*j + b = -1 + 2, 2 = -j - b. Suppose -j*t + 236 = t. Is t prime?
True
Let g(j) = -j**3 + 2*j**2 + j + 3. Let x be g(3). Let f(z) = -z**2 - 4*z - 5. Let b be f(x). Is (-1780)/(-8) - b/4 prime?
True
Let i = -21912 - -75415. Is i composite?
False
Let r(j) be the third derivative of j**5/60 + j**4/8 + j**3/3 + 5*j**2. Let t be r(-2). Suppose -5*a + o + 4535 = -t*a, 5*a - 4535 = 5*o. Is a a prime number?
True
Suppose -4 = 5*k + 31. Let g be k/(-5) - (-2)/(-5). Is 1614/(-3)*-1 - g a prime number?
False
Let i(g) = 2*g + 26*g**2 - 9*g - 1 + 3. Let m be i(6). Suppose 2*n + 3*f - 430 = 0, -5*n + 3*f = -n - m. Is n a prime number?
False
Is 31/((-372)/(-521280)) + -2 + 7 a composite number?
True
Let g = -2 - 2. Let m(p) = -7*p**3 - 3*p**2 + 3. Is m(g) composite?
True
Suppose 0 = -3*q - 3*w + 544 + 59, 0 = 2*q - 2*w - 410. Let m = 89 - q. Let i = m + 241. Is i composite?
False
Suppose 0 = -2*k - l + 63, -3*k = -6*k + l + 107. Is (k/(-4))/((-1)/118) a composite number?
True
Let u be 14/(-63) - 2/(-9). Suppose 0*a - a - 3*g = -109, u = -a + 2*g + 109. Is a prime?
True
Suppose 0*t - 5*t = -f - 205, -3*f = -t + 587. Let y = f - -322. Is y a composite number?
False
Suppose 4*q - 20 = -2*m, -q - 2*m = -3*q + 4. Suppose t = -q*t - 3*s + 45, -2*t + s + 7 = 0. Suppose 140 = u + t. Is u a prime number?
False
Suppose -m = 2479 - 17570. Is m a prime number?
True
Let f be -1*(-656 - (-6)/2). Let t be 6*((-2)/(-4) + 0). Suppose 0 = -4*x + 5*b + f, -5*x + 428 = t*b - 416. Is x a prime number?
True
Let g be ((-35)/10 + 4)/((-1)/(-60)). Is (31 - g)*(1682 + -1) a composite number?
True
Supp